{"id":3,"date":"2025-07-02T11:52:03","date_gmt":"2025-07-02T09:52:03","guid":{"rendered":"https:\/\/electetmat.dev.a2dfinformatique.com\/?page_id=3"},"modified":"2026-02-23T15:26:46","modified_gmt":"2026-02-23T14:26:46","slug":"politique-de-confidentialite","status":"publish","type":"page","link":"https:\/\/www.elecetmat.fr\/?page_id=3","title":{"rendered":"Mentions l\u00e9gales et Politique de confidentialit\u00e9"},"content":{"rendered":"\t\t<div data-elementor-type=\"wp-page\" data-elementor-id=\"3\" class=\"elementor elementor-3\" data-elementor-post-type=\"page\">\n\t\t\t\t<div class=\"elementor-element elementor-element-3d217a50 e-con-full e-flex e-con e-parent\" data-id=\"3d217a50\" data-element_type=\"container\" data-e-type=\"container\">\n\t\t\t\t<div class=\"elementor-element elementor-element-f8b093a elementor-widget elementor-widget-heading\" data-id=\"f8b093a\" data-element_type=\"widget\" data-e-type=\"widget\" data-widget_type=\"heading.default\">\n\t\t\t\t\t<h1 class=\"elementor-heading-title elementor-size-default\">Mentions l\u00e9gales et politique de confidentialit\u00e9 des donn\u00e9es<\/h1>\t\t\t\t<\/div>\n\t\t\t\t<div class=\"elementor-element elementor-element-2f02be3f elementor-widget elementor-widget-text-editor\" data-id=\"2f02be3f\" data-element_type=\"widget\" data-e-type=\"widget\" data-widget_type=\"text-editor.default\">\n\t\t\t\t\t\t\t\t\t\n<p>Conform\u00e9ment aux dispositions de la loi n\u00b0 2004-575 du 21 juin 2004 pour la confiance en l&rsquo;\u00e9conomie num\u00e9rique, il est pr\u00e9cis\u00e9 aux utilisateurs du site https:\/\/elagroupe.fr l&rsquo;identit\u00e9 des diff\u00e9rents intervenants dans le cadre de sa r\u00e9alisation et de son suivi.<\/p>\n\n<p><strong>Edition du site\u00a0<\/strong><\/p>\n\n<p>D\u00e9nomination\u00a0: ELEC&amp;MAT<\/p>\n\n<p>Forme juridique : EURL<\/p>\n\n<p>Capital\u00a0: 5000\u20ac,<\/p>\n\n<p>SIRET :\u00a0 90827703100021,<\/p>\n\n<p>Si\u00e8ge social : ZONE INDUSTRIELLE DES TUILERIES, 2 RUE DE L&rsquo;AVENIR, 44430 LA REMAUDIERE<\/p>\n\n<h3 class=\"wp-block-heading\">Repr\u00e9sent\u00e9e par\u00a0: Mathieu LE MAGUERESSE<\/h3>\n\n<p>TVA FR31908277031<\/p>\n\n<p><strong>Directeur de publication\u00a0<\/strong><\/p>\n\n<p>Le Directeur de la publication du Site est Mathieu LE MAGUERESSE.<\/p>\n\n<p><strong>H\u00e9bergement<\/strong><\/p>\n\n<p>Le Site est h\u00e9berg\u00e9 par la soci\u00e9t\u00e9 A2DF informatique, 2 Rue des Claircontres, 44330 Le Pallet. 02 40 97 29 61<\/p>\n\n<p><strong>D\u00e9veloppement du site<\/strong><\/p>\n\n<p>Le site a \u00e9t\u00e9 r\u00e9alis\u00e9 par Com l\u2019El\u00e9phant, agence de communication \u00e0 Nantes<\/p>\n\n<p><strong>Pr\u00e9sentation et principe :<\/strong><\/p>\n\n<p>Le site : https:\/\/www.elecetmat.fr\/<\/p>\n\n<p>La soci\u00e9t\u00e9\u00a0: ELEC&amp;MAT<\/p>\n\n<p>Est d\u00e9sign\u00e9 ci-apr\u00e8s : <strong>Utilisateur<\/strong>, tout internaute se connectant et utilisant le site susnomm\u00e9<\/p>\n\n<p><br \/>Le site regroupe un ensemble de services, dans l\u2019\u00e9tat, mis \u00e0 la disposition des utilisateurs. Il est ici pr\u00e9cis\u00e9 que ces derniers doivent rester courtois et faire preuve de bonne foi tant envers les autres utilisateurs qu\u2019envers le webmaster du site. Le site est mis \u00e0 jour r\u00e9guli\u00e8rement par le responsable de publication. Qui s\u2019efforce de fournir sur le site des informations les plus pr\u00e9cises possibles (sous r\u00e9serve de modifications apport\u00e9es depuis leur mise en ligne), mais ne saurait garantir l\u2019exactitude, la compl\u00e9tude et l\u2019actualit\u00e9 des informations diffus\u00e9es sur son site, qu\u2019elles soient de son fait ou du fait des tiers partenaires qui lui fournissent ces informations. En cons\u00e9quence, l\u2019utilisateur reconna\u00eet utiliser ces informations donn\u00e9es (\u00e0 titre indicatif, non exhaustives et susceptibles d\u2019\u00e9voluer) sous sa responsabilit\u00e9 exclusive.<\/p>\n\n<p><strong>Accessibilit\u00e9 :<\/strong><\/p>\n\n<p>Le site est par principe accessible aux utilisateurs 24\/24h, 7\/7j, sauf interruption, programm\u00e9e ou non, pour les besoins de sa maintenance ou en cas de force majeure. En cas d\u2019impossibilit\u00e9 d\u2019acc\u00e8s au service, la soci\u00e9t\u00e9 s\u2019engage \u00e0 faire son maximum afin de r\u00e9tablir l\u2019acc\u00e8s au service et s\u2019efforcera alors de communiquer pr\u00e9alablement aux utilisateurs les dates et heures de l\u2019intervention. N\u2019\u00e9tant soumis qu\u2019\u00e0 une obligation de moyen, la soci\u00e9t\u00e9 ne saurait \u00eatre tenue pour responsable de tout dommage, quelle qu\u2019en soit la nature, r\u00e9sultant d\u2019une indisponibilit\u00e9 du service.<\/p>\n\n<p><strong>Liens hypertextes et cookies :<\/strong><\/p>\n\n<p>Le site contient un certain nombre de liens hypertextes vers d\u2019autres sites (partenaires, informations \u2026) mis en place avec l\u2019autorisation de la soci\u00e9t\u00e9. Cependant, la soci\u00e9t\u00e9 n\u2019a pas la possibilit\u00e9 de v\u00e9rifier l\u2019ensemble du contenu des sites ainsi visit\u00e9s et d\u00e9cline donc toute responsabilit\u00e9 de ce fait quant aux risques \u00e9ventuels de contenus illicites.<br \/>L\u2019utilisateur est inform\u00e9 que lors de ses visites sur le site, un ou des cookies sont susceptibles de s\u2019installer automatiquement sur son ordinateur par l\u2019interm\u00e9diaire de son logiciel de navigation. Un cookie est un bloc de donn\u00e9es qui ne permet pas d\u2019identifier l\u2019utilisateur, mais qui enregistre des informations relatives \u00e0 la navigation de celui-ci sur le site.<br \/>Le param\u00e9trage du logiciel de navigation permet d\u2019informer de la pr\u00e9sence de cookie et \u00e9ventuellement, de la refuser de la mani\u00e8re d\u00e9crite \u00e0 l\u2019adresse suivante : <a href=\"http:\/\/www.cnil.fr\">www.cnil.fr<\/a>. L\u2019utilisateur peut toutefois configurer le navigateur de son ordinateur pour refuser l\u2019installation des cookies, sachant que le refus d\u2019installation d\u2019un cookie peut entra\u00eener l\u2019impossibilit\u00e9 d\u2019acc\u00e9der \u00e0 certains services. Pour tout blocage des cookies, tapez dans votre moteur de recherche : \u00ab\u00a0blocage des cookies sous [votre navigateur] et suivez les instructions en fonction de votre version.<\/p>\n\n<p><strong>Donn\u00e9es personnelles<\/strong><\/p>\n\n<p>En France, les donn\u00e9es personnelles sont notamment prot\u00e9g\u00e9es par la loi n\u00b0 78-87 du 6 janvier 1978, la loi n\u00b0 2004-801 du 6 ao\u00fbt 2004, l\u2019article L. 226-13 du Code p\u00e9nal et la Directive Europ\u00e9enne du 24 octobre 1995.<\/p>\n\n<p>Sur le site, la soci\u00e9t\u00e9 ne collecte des informations personnelles ( suivant l\u2019article 4 loi n\u00b078-17 du 06 janvier 1978) relatives \u00e0 l\u2019utilisateur que pour le besoin de certains services propos\u00e9s. L\u2019utilisateur fournit ces informations en toute connaissance de cause, notamment lorsqu\u2019il proc\u00e8de par lui-m\u00eame \u00e0 leur saisie. Il est alors pr\u00e9cis\u00e9 \u00e0 l\u2019utilisateur du site l\u2019obligation ou non de fournir ces informations.<br \/>Sur le site, le formulaire de contact envoie un email \u00e0 l\u2019entreprise. Les donn\u00e9es collect\u00e9es sont uniquement utilis\u00e9es par la soci\u00e9t\u00e9 \u00e0 des fins commerciales afin de r\u00e9pondre \u00e0 votre demande. Elles ne seront pas conserv\u00e9es si votre demande n\u2019aboutit pas. Conform\u00e9ment aux dispositions des articles 38 et suivants de la loi 78-17 du 6 janvier 1978 relative \u00e0 l\u2019informatique, aux fichiers et aux libert\u00e9s, tout utilisateur dispose d\u2019un droit d\u2019acc\u00e8s, de rectification, de suppression et d\u2019opposition aux donn\u00e9es personnelles le concernant. Pour l\u2019exercer, adressez votre demande \u00e0 la soci\u00e9t\u00e9 par \u00e9crit d\u00fbment sign\u00e9e, accompagn\u00e9e d\u2019une copie du titre d\u2019identit\u00e9 avec signature du titulaire de la pi\u00e8ce, en pr\u00e9cisant l\u2019adresse \u00e0 laquelle la r\u00e9ponse doit \u00eatre envoy\u00e9e.<\/p>\n\n<p>Aucune information personnelle de l\u2019utilisateur du site n\u2019est publi\u00e9e \u00e0 l\u2019insu de l\u2019utilisateur, \u00e9chang\u00e9e, transf\u00e9r\u00e9e, c\u00e9d\u00e9e ou vendue sur un support quelconque \u00e0 des tiers. Seule l\u2019hypoth\u00e8se du rachat du site et de ses droits autorise la soci\u00e9t\u00e9 \u00e0 transmettre les dites informations \u00e0 l\u2019\u00e9ventuel acqu\u00e9reur qui serait \u00e0 son tour tenu \u00e0 la m\u00eame obligation de conservation et de modification des donn\u00e9es vis \u00e0 vis de l\u2019utilisateur du site.<\/p>\n\n<p>Les bases de donn\u00e9es sont prot\u00e9g\u00e9es par les dispositions de la loi du 1er juillet 1998 transposant la directive 96\/9 du 11 mars 1996 relative \u00e0 la protection juridique des bases de donn\u00e9es.<\/p>\n\t\t\t\t\t\t\t\t<\/div>\n\t\t\t\t<\/div>\n\t\t\t\t<\/div>\n\t\t","protected":false},"excerpt":{"rendered":"<p>Mentions l\u00e9gales et politique de confidentialit\u00e9 des donn\u00e9es Conform\u00e9ment aux dispositions de la loi n\u00b0 2004-575 du 21 juin 2004 pour la confiance en l&rsquo;\u00e9conomie num\u00e9rique, il est pr\u00e9cis\u00e9 aux utilisateurs du site https:\/\/elagroupe.fr l&rsquo;identit\u00e9 des diff\u00e9rents intervenants dans le cadre de sa r\u00e9alisation et de son suivi. Edition du site\u00a0 D\u00e9nomination\u00a0: ELEC&amp;MAT Forme juridique [&hellip;]<\/p>\n","protected":false},"author":1,"featured_media":0,"parent":0,"menu_order":0,"comment_status":"closed","ping_status":"open","template":"","meta":{"footnotes":""},"class_list":["post-3","page","type-page","status-publish","hentry"],"yoast_head":"<!-- This site is optimized with the Yoast SEO plugin v27.0 - https:\/\/yoast.com\/product\/yoast-seo-wordpress\/ -->\n<title>Mentions l\u00e9gales et Politique de confidentialit\u00e9 - Elec et mat<\/title>\n<meta name=\"robots\" content=\"index, follow, max-snippet:-1, max-image-preview:large, max-video-preview:-1\" \/>\n<link rel=\"canonical\" href=\"https:\/\/www.elecetmat.fr\/?page_id=3\" \/>\n<meta property=\"og:locale\" content=\"fr_FR\" \/>\n<meta property=\"og:type\" content=\"article\" \/>\n<meta property=\"og:title\" content=\"Mentions l\u00e9gales et Politique de confidentialit\u00e9 - Elec et mat\" \/>\n<meta property=\"og:description\" content=\"Mentions l\u00e9gales et politique de confidentialit\u00e9 des donn\u00e9es Conform\u00e9ment aux dispositions de la loi n\u00b0 2004-575 du 21 juin 2004 pour la confiance en l&rsquo;\u00e9conomie num\u00e9rique, il est pr\u00e9cis\u00e9 aux utilisateurs du site https:\/\/elagroupe.fr l&rsquo;identit\u00e9 des diff\u00e9rents intervenants dans le cadre de sa r\u00e9alisation et de son suivi. Edition du site\u00a0 D\u00e9nomination\u00a0: ELEC&amp;MAT Forme juridique [&hellip;]\" \/>\n<meta property=\"og:url\" content=\"https:\/\/www.elecetmat.fr\/?page_id=3\" \/>\n<meta property=\"og:site_name\" content=\"Elec et mat\" \/>\n<meta property=\"article:modified_time\" content=\"2026-02-23T14:26:46+00:00\" \/>\n<meta name=\"twitter:card\" content=\"summary_large_image\" \/>\n<meta name=\"twitter:label1\" content=\"Dur\u00e9e de lecture estim\u00e9e\" \/>\n\t<meta name=\"twitter:data1\" content=\"5 minutes\" \/>\n<script type=\"application\/ld+json\" class=\"yoast-schema-graph\">{\"@context\":\"https:\/\/schema.org\",\"@graph\":[{\"@type\":\"WebPage\",\"@id\":\"https:\/\/www.elecetmat.fr\/?page_id=3\",\"url\":\"https:\/\/www.elecetmat.fr\/?page_id=3\",\"name\":\"Mentions l\u00e9gales et Politique de confidentialit\u00e9 - Elec et mat\",\"isPartOf\":{\"@id\":\"https:\/\/www.elecetmat.fr\/#website\"},\"datePublished\":\"2025-07-02T09:52:03+00:00\",\"dateModified\":\"2026-02-23T14:26:46+00:00\",\"breadcrumb\":{\"@id\":\"https:\/\/www.elecetmat.fr\/?page_id=3#breadcrumb\"},\"inLanguage\":\"fr-FR\",\"potentialAction\":[{\"@type\":\"ReadAction\",\"target\":[\"https:\/\/www.elecetmat.fr\/?page_id=3\"]}]},{\"@type\":\"BreadcrumbList\",\"@id\":\"https:\/\/www.elecetmat.fr\/?page_id=3#breadcrumb\",\"itemListElement\":[{\"@type\":\"ListItem\",\"position\":1,\"name\":\"Accueil\",\"item\":\"https:\/\/www.elecetmat.fr\/\"},{\"@type\":\"ListItem\",\"position\":2,\"name\":\"Mentions l\u00e9gales et Politique de confidentialit\u00e9\"}]},{\"@type\":\"WebSite\",\"@id\":\"https:\/\/www.elecetmat.fr\/#website\",\"url\":\"https:\/\/www.elecetmat.fr\/\",\"name\":\"Elec et mat\",\"description\":\"Electricien \u00e0 la Remaudi\u00e8re\",\"publisher\":{\"@id\":\"https:\/\/www.elecetmat.fr\/#organization\"},\"potentialAction\":[{\"@type\":\"SearchAction\",\"target\":{\"@type\":\"EntryPoint\",\"urlTemplate\":\"https:\/\/www.elecetmat.fr\/?s={search_term_string}\"},\"query-input\":{\"@type\":\"PropertyValueSpecification\",\"valueRequired\":true,\"valueName\":\"search_term_string\"}}],\"inLanguage\":\"fr-FR\"},{\"@type\":\"Organization\",\"@id\":\"https:\/\/www.elecetmat.fr\/#organization\",\"name\":\"Elec et mat\",\"url\":\"https:\/\/www.elecetmat.fr\/\",\"logo\":{\"@type\":\"ImageObject\",\"inLanguage\":\"fr-FR\",\"@id\":\"https:\/\/www.elecetmat.fr\/#\/schema\/logo\/image\/\",\"url\":\"https:\/\/www.elecetmat.fr\/wp-content\/uploads\/2025\/07\/logo-Elec-Mat-electricien-a-La-Remaudiere-01.svg\",\"contentUrl\":\"https:\/\/www.elecetmat.fr\/wp-content\/uploads\/2025\/07\/logo-Elec-Mat-electricien-a-La-Remaudiere-01.svg\",\"width\":1900,\"height\":1001,\"caption\":\"Elec et mat\"},\"image\":{\"@id\":\"https:\/\/www.elecetmat.fr\/#\/schema\/logo\/image\/\"}}]}<\/script>\n<!-- \/ Yoast SEO plugin. -->","yoast_head_json":{"title":"Mentions l\u00e9gales et Politique de confidentialit\u00e9 - Elec et mat","robots":{"index":"index","follow":"follow","max-snippet":"max-snippet:-1","max-image-preview":"max-image-preview:large","max-video-preview":"max-video-preview:-1"},"canonical":"https:\/\/www.elecetmat.fr\/?page_id=3","og_locale":"fr_FR","og_type":"article","og_title":"Mentions l\u00e9gales et Politique de confidentialit\u00e9 - Elec et mat","og_description":"Mentions l\u00e9gales et politique de confidentialit\u00e9 des donn\u00e9es Conform\u00e9ment aux dispositions de la loi n\u00b0 2004-575 du 21 juin 2004 pour la confiance en l&rsquo;\u00e9conomie num\u00e9rique, il est pr\u00e9cis\u00e9 aux utilisateurs du site https:\/\/elagroupe.fr l&rsquo;identit\u00e9 des diff\u00e9rents intervenants dans le cadre de sa r\u00e9alisation et de son suivi. Edition du site\u00a0 D\u00e9nomination\u00a0: ELEC&amp;MAT Forme juridique [&hellip;]","og_url":"https:\/\/www.elecetmat.fr\/?page_id=3","og_site_name":"Elec et mat","article_modified_time":"2026-02-23T14:26:46+00:00","twitter_card":"summary_large_image","twitter_misc":{"Dur\u00e9e de lecture estim\u00e9e":"5 minutes"},"schema":{"@context":"https:\/\/schema.org","@graph":[{"@type":"WebPage","@id":"https:\/\/www.elecetmat.fr\/?page_id=3","url":"https:\/\/www.elecetmat.fr\/?page_id=3","name":"Mentions l\u00e9gales et Politique de confidentialit\u00e9 - Elec et mat","isPartOf":{"@id":"https:\/\/www.elecetmat.fr\/#website"},"datePublished":"2025-07-02T09:52:03+00:00","dateModified":"2026-02-23T14:26:46+00:00","breadcrumb":{"@id":"https:\/\/www.elecetmat.fr\/?page_id=3#breadcrumb"},"inLanguage":"fr-FR","potentialAction":[{"@type":"ReadAction","target":["https:\/\/www.elecetmat.fr\/?page_id=3"]}]},{"@type":"BreadcrumbList","@id":"https:\/\/www.elecetmat.fr\/?page_id=3#breadcrumb","itemListElement":[{"@type":"ListItem","position":1,"name":"Accueil","item":"https:\/\/www.elecetmat.fr\/"},{"@type":"ListItem","position":2,"name":"Mentions l\u00e9gales et Politique de confidentialit\u00e9"}]},{"@type":"WebSite","@id":"https:\/\/www.elecetmat.fr\/#website","url":"https:\/\/www.elecetmat.fr\/","name":"Elec et mat","description":"Electricien \u00e0 la Remaudi\u00e8re","publisher":{"@id":"https:\/\/www.elecetmat.fr\/#organization"},"potentialAction":[{"@type":"SearchAction","target":{"@type":"EntryPoint","urlTemplate":"https:\/\/www.elecetmat.fr\/?s={search_term_string}"},"query-input":{"@type":"PropertyValueSpecification","valueRequired":true,"valueName":"search_term_string"}}],"inLanguage":"fr-FR"},{"@type":"Organization","@id":"https:\/\/www.elecetmat.fr\/#organization","name":"Elec et mat","url":"https:\/\/www.elecetmat.fr\/","logo":{"@type":"ImageObject","inLanguage":"fr-FR","@id":"https:\/\/www.elecetmat.fr\/#\/schema\/logo\/image\/","url":"https:\/\/www.elecetmat.fr\/wp-content\/uploads\/2025\/07\/logo-Elec-Mat-electricien-a-La-Remaudiere-01.svg","contentUrl":"https:\/\/www.elecetmat.fr\/wp-content\/uploads\/2025\/07\/logo-Elec-Mat-electricien-a-La-Remaudiere-01.svg","width":1900,"height":1001,"caption":"Elec et mat"},"image":{"@id":"https:\/\/www.elecetmat.fr\/#\/schema\/logo\/image\/"}}]}},"_links":{"self":[{"href":"https:\/\/www.elecetmat.fr\/index.php?rest_route=\/wp\/v2\/pages\/3","targetHints":{"allow":["GET"]}}],"collection":[{"href":"https:\/\/www.elecetmat.fr\/index.php?rest_route=\/wp\/v2\/pages"}],"about":[{"href":"https:\/\/www.elecetmat.fr\/index.php?rest_route=\/wp\/v2\/types\/page"}],"author":[{"embeddable":true,"href":"https:\/\/www.elecetmat.fr\/index.php?rest_route=\/wp\/v2\/users\/1"}],"replies":[{"embeddable":true,"href":"https:\/\/www.elecetmat.fr\/index.php?rest_route=%2Fwp%2Fv2%2Fcomments&post=3"}],"version-history":[{"count":7,"href":"https:\/\/www.elecetmat.fr\/index.php?rest_route=\/wp\/v2\/pages\/3\/revisions"}],"predecessor-version":[{"id":141,"href":"https:\/\/www.elecetmat.fr\/index.php?rest_route=\/wp\/v2\/pages\/3\/revisions\/141"}],"wp:attachment":[{"href":"https:\/\/www.elecetmat.fr\/index.php?rest_route=%2Fwp%2Fv2%2Fmedia&parent=3"}],"curies":[{"name":"wp","href":"https:\/\/api.w.org\/{rel}","templated":true}]}}